{"id":66,"date":"2019-09-16T09:32:55","date_gmt":"2019-09-16T08:32:55","guid":{"rendered":"https:\/\/www.cybsec.fr\/?page_id=66"},"modified":"2019-09-16T15:24:20","modified_gmt":"2019-09-16T14:24:20","slug":"blog","status":"publish","type":"page","link":"https:\/\/www.cybsec.fr\/index.php\/blog\/","title":{"rendered":"Blog"},"content":{"rendered":"<ul class=\"wp-block-latest-posts__list has-dates wp-block-latest-posts\"><li><a class=\"wp-block-latest-posts__post-title\" href=\"https:\/\/www.cybsec.fr\/index.php\/2021\/01\/04\/cybersecurite-les-biais-cognitifs-dans-tous-leurs-etats-4-5-en-matiere-de-renseignement-sur-les-menaces\/\">Cybers\u00e9curit\u00e9 : les biais (cognitifs) dans tous leurs \u00e9tats (4\/5)-en mati\u00e8re de renseignement sur les menaces.<\/a><time datetime=\"2021-01-04T09:51:29+01:00\" class=\"wp-block-latest-posts__post-date\">janvier 4, 2021<\/time><\/li>\n<li><a class=\"wp-block-latest-posts__post-title\" href=\"https:\/\/www.cybsec.fr\/index.php\/2021\/01\/04\/cybersecurite-les-biais-cognitifs-dans-tous-leurs-etats-3-5-en-situation-de-crise\/\">Cybers\u00e9curit\u00e9 : les biais (cognitifs) dans tous leurs \u00e9tats (3\/5)-en situation de crise.<\/a><time datetime=\"2021-01-04T09:49:00+01:00\" class=\"wp-block-latest-posts__post-date\">janvier 4, 2021<\/time><\/li>\n<li><a class=\"wp-block-latest-posts__post-title\" href=\"https:\/\/www.cybsec.fr\/index.php\/2021\/01\/04\/cybersecurite-les-biais-cognitifs-dans-tous-leurs-etats-2-5-en-situation-dite-nominale\/\">Cybers\u00e9curit\u00e9 : les biais (cognitifs) dans tous leurs \u00e9tats (2\/5)-en situation dite nominale<\/a><time datetime=\"2021-01-04T09:41:51+01:00\" class=\"wp-block-latest-posts__post-date\">janvier 4, 2021<\/time><\/li>\n<li><a class=\"wp-block-latest-posts__post-title\" href=\"https:\/\/www.cybsec.fr\/index.php\/2021\/01\/04\/cybersecurite-les-biais-cognitifs-dans-tous-leurs-etats-1-5-la-prise-de-decision\/\">Cybers\u00e9curit\u00e9 : les biais (cognitifs) dans tous leurs \u00e9tats (1\/5)- la prise de d\u00e9cision.<\/a><time datetime=\"2021-01-04T09:40:15+01:00\" class=\"wp-block-latest-posts__post-date\">janvier 4, 2021<\/time><\/li>\n<li><a class=\"wp-block-latest-posts__post-title\" href=\"https:\/\/www.cybsec.fr\/index.php\/2020\/02\/18\/le-paradoxe-de-la-sensibilisation-et-de-la-formation-a-la-cybersecurite\/\">Le paradoxe de la sensibilisation et de la formation \u00e0 la cybers\u00e9curit\u00e9<\/a><time datetime=\"2020-02-18T11:06:58+01:00\" class=\"wp-block-latest-posts__post-date\">f\u00e9vrier 18, 2020<\/time><\/li>\n<li><a class=\"wp-block-latest-posts__post-title\" href=\"https:\/\/www.cybsec.fr\/index.php\/2020\/02\/04\/de-limportance-de-la-threat-intelligence-dans-un-security-operations-center\/\">De l\u2019importance de la Threat Intelligence dans un Security Operations Center<\/a><time datetime=\"2020-02-04T14:19:23+01:00\" class=\"wp-block-latest-posts__post-date\">f\u00e9vrier 4, 2020<\/time><\/li>\n<li><a class=\"wp-block-latest-posts__post-title\" href=\"https:\/\/www.cybsec.fr\/index.php\/2019\/09\/16\/penser-en-biais-pour-comprendre-les-attaques-par-ingenierie-sociale\/\">Penser en \u00ab biais \u00bb \u2026 pour comprendre les attaques par ing\u00e9nierie sociale<\/a><time datetime=\"2019-09-16T14:10:06+01:00\" class=\"wp-block-latest-posts__post-date\">septembre 16, 2019<\/time><\/li>\n<li><a class=\"wp-block-latest-posts__post-title\" href=\"https:\/\/www.cybsec.fr\/index.php\/2019\/09\/16\/la-cyber-en-quelques-chiffres\/\">La Cyber en quelques chiffres<\/a><time datetime=\"2019-09-16T09:35:45+01:00\" class=\"wp-block-latest-posts__post-date\">septembre 16, 2019<\/time><\/li>\n<li><a class=\"wp-block-latest-posts__post-title\" href=\"https:\/\/www.cybsec.fr\/index.php\/2019\/06\/16\/renseignement-sur-les-menaces-lindispensable-pluralite-des-equipes\/\">Renseignement sur les menaces : l\u2019indispensable pluralit\u00e9 des \u00e9quipes<\/a><time datetime=\"2019-06-16T15:12:55+01:00\" class=\"wp-block-latest-posts__post-date\">juin 16, 2019<\/time><\/li>\n<li><a class=\"wp-block-latest-posts__post-title\" href=\"https:\/\/www.cybsec.fr\/index.php\/2019\/05\/16\/une-psy-dans-le-cert\/\">Une Psy dans le CERT !<\/a><time datetime=\"2019-05-16T09:40:49+01:00\" class=\"wp-block-latest-posts__post-date\">mai 16, 2019<\/time><\/li>\n<\/ul>","protected":false},"excerpt":{"rendered":"","protected":false},"author":1,"featured_media":0,"parent":0,"menu_order":0,"comment_status":"closed","ping_status":"closed","template":"","meta":{"_exactmetrics_skip_tracking":false,"_exactmetrics_sitenote_active":false,"_exactmetrics_sitenote_note":"","_exactmetrics_sitenote_category":0,"footnotes":""},"class_list":["post-66","page","type-page","status-publish","hentry"],"_links":{"self":[{"href":"https:\/\/www.cybsec.fr\/index.php\/wp-json\/wp\/v2\/pages\/66","targetHints":{"allow":["GET"]}}],"collection":[{"href":"https:\/\/www.cybsec.fr\/index.php\/wp-json\/wp\/v2\/pages"}],"about":[{"href":"https:\/\/www.cybsec.fr\/index.php\/wp-json\/wp\/v2\/types\/page"}],"author":[{"embeddable":true,"href":"https:\/\/www.cybsec.fr\/index.php\/wp-json\/wp\/v2\/users\/1"}],"replies":[{"embeddable":true,"href":"https:\/\/www.cybsec.fr\/index.php\/wp-json\/wp\/v2\/comments?post=66"}],"version-history":[{"count":3,"href":"https:\/\/www.cybsec.fr\/index.php\/wp-json\/wp\/v2\/pages\/66\/revisions"}],"predecessor-version":[{"id":96,"href":"https:\/\/www.cybsec.fr\/index.php\/wp-json\/wp\/v2\/pages\/66\/revisions\/96"}],"wp:attachment":[{"href":"https:\/\/www.cybsec.fr\/index.php\/wp-json\/wp\/v2\/media?parent=66"}],"curies":[{"name":"wp","href":"https:\/\/api.w.org\/{rel}","templated":true}]}}